{"id":6,"date":"2013-03-11T21:27:19","date_gmt":"2013-03-11T21:27:19","guid":{"rendered":"http:\/\/www.hasankahraman.com.tr\/?page_id=2"},"modified":"2023-12-19T17:56:31","modified_gmt":"2023-12-19T14:56:31","slug":"kimimben","status":"publish","type":"page","link":"https:\/\/www.hasankahraman.com.tr\/index.php\/kimimben\/","title":{"rendered":"Hakk\u0131mda"},"content":{"rendered":"<p><img loading=\"lazy\" decoding=\"async\" class=\"alignleft size-medium wp-image-357\" src=\"http:\/\/www.hasankahraman.com.tr\/wp-content\/uploads\/Hakk\u0131mda-photosu-300x225.jpg\" alt=\"Hakk\u0131mda photosu\" width=\"300\" height=\"225\" \/><\/p>\n<p>Merhaba Ben Hasan Kahraman.2015 y\u0131l\u0131nda Tekirda\u011f Nam\u0131k Kemal \u00dcniversitesi Makine M\u00fchendisli\u011fi B\u00f6l\u00fcm\u00fcnden Mezun Oldum. Ard\u0131ndan \u0130stanbul \u00dcniversitesinde 2016-2017 Y\u0131llar\u0131 aras\u0131nda \u0130stanbul \u00dcniversitesi \u0130\u015fletme \u0130ktisadi Enstit\u00fcs\u00fcnde MBA e\u011fitimimi tamamlad\u0131m<\/p>\n<div>\n<div>\u00a0 \u00a0 \u015euanda yine \u0130stanbul \u00dcniversitesinde Hayalim olan Bilgisayar Programc\u0131l\u0131\u011f\u0131 B\u00f6l\u00fcm\u00fcnde 2. S\u0131n\u0131f \u00d6\u011frencisiyim. 1998 y\u0131l\u0131nda ilk bilgisayar\u0131m ile tan\u0131\u015ft\u0131m.2003 y\u0131l\u0131nda ilk Adsl internet ile internet d\u00fcnyas\u0131na a\u00e7\u0131ld\u0131m.<\/div>\n<div>\u00a0 \u00a0 1998 y\u0131l\u0131nda ald\u0131\u011f\u0131m bili\u015fim dergilerinde Turbo C ile ilgili ve console ortam\u0131nda kodlanm\u0131\u015f bir soru\u00a0 sorma oyunu Siyah Ekrana kar\u015f\u0131 ilgimi cezbetti daha sonras\u0131nda Lisede arkada\u015flar\u0131m\u0131 bir araya getirebilece\u011fim bir platform olarak forum ve sosyal platformlar olu\u015fturma amac\u0131yla PHP dilini\u00a0 \u00f6\u011frendim.<\/div>\n<div>\u00a0 \u00a0 HTML dilini de bu y\u0131llarda \u00f6\u011frendim. \u00dcniversiteye ba\u015flad\u0131\u011f\u0131mda ise ilk ald\u0131\u011f\u0131m ders kitab\u0131 yine Borland \u0131n C++ kitab\u0131 oldu. Nesneye y\u00f6nelik programlama ve g\u00f6rsel programlama ya o\u00a0 senelerde yak\u0131nl\u0131k kazand\u0131m.<\/div>\n<div>\u00a0 \u00a0 \u0130lk Profesyonel E\u011fitimimi ise Makine M\u00fchendisli\u011finden mezun olduktan sonra \u0130\u015fkur&#8217;un d\u00fczenlemi\u015f oldu\u011fu Wissen Akademi ve Bah\u00e7e\u015fehir \u00dcniversitesi i\u015f birli\u011fi ile\u00a0 Microsoft Yaz\u0131l\u0131m ve Veritaban\u0131 E\u011fitimini tamamlad\u0131m. Ve Sonras\u0131nda ise \u0130stanbul \u00dcniversitesi Bilgisayar Programc\u0131l\u0131\u011f\u0131nda \u00f6nlisans seviyesinde e\u011fitim alarak bu bilgiyi kal\u0131c\u0131la\u015ft\u0131rmaya \u00e7al\u0131\u015f\u0131yorum.<\/div>\n<div><strong>HASAN KAHRAMAN &#8211; \u0130STANBUL<\/strong><\/div>\n<div><\/div>\n<\/div>\n","protected":false},"excerpt":{"rendered":"<p>Merhaba Ben Hasan Kahraman.2015 y\u0131l\u0131nda Tekirda\u011f Nam\u0131k Kemal \u00dcniversitesi Makine M\u00fchendisli\u011fi B\u00f6l\u00fcm\u00fcnden Mezun Oldum. Ard\u0131ndan \u0130stanbul \u00dcniversitesinde 2016-2017 Y\u0131llar\u0131 aras\u0131nda \u0130stanbul \u00dcniversitesi \u0130\u015fletme \u0130ktisadi Enstit\u00fcs\u00fcnde MBA e\u011fitimimi tamamlad\u0131m \u00a0 \u00a0 \u015euanda yine \u0130stanbul \u00dcniversitesinde Hayalim olan Bilgisayar Programc\u0131l\u0131\u011f\u0131 B\u00f6l\u00fcm\u00fcnde 2. S\u0131n\u0131f \u00d6\u011frencisiyim. 1998 y\u0131l\u0131nda ilk bilgisayar\u0131m ile tan\u0131\u015ft\u0131m.2003 y\u0131l\u0131nda ilk Adsl internet ile internet d\u00fcnyas\u0131na &hellip; <a href=\"https:\/\/www.hasankahraman.com.tr\/index.php\/kimimben\/\" class=\"more-link\">Okumaya devam et <span class=\"screen-reader-text\">Hakk\u0131mda<\/span><\/a><\/p>\n","protected":false},"author":1,"featured_media":0,"parent":0,"menu_order":0,"comment_status":"open","ping_status":"open","template":"","meta":{"footnotes":""},"class_list":["post-6","page","type-page","status-publish","hentry"],"_links":{"self":[{"href":"https:\/\/www.hasankahraman.com.tr\/index.php\/wp-json\/wp\/v2\/pages\/6","targetHints":{"allow":["GET"]}}],"collection":[{"href":"https:\/\/www.hasankahraman.com.tr\/index.php\/wp-json\/wp\/v2\/pages"}],"about":[{"href":"https:\/\/www.hasankahraman.com.tr\/index.php\/wp-json\/wp\/v2\/types\/page"}],"author":[{"embeddable":true,"href":"https:\/\/www.hasankahraman.com.tr\/index.php\/wp-json\/wp\/v2\/users\/1"}],"replies":[{"embeddable":true,"href":"https:\/\/www.hasankahraman.com.tr\/index.php\/wp-json\/wp\/v2\/comments?post=6"}],"version-history":[{"count":2,"href":"https:\/\/www.hasankahraman.com.tr\/index.php\/wp-json\/wp\/v2\/pages\/6\/revisions"}],"predecessor-version":[{"id":708,"href":"https:\/\/www.hasankahraman.com.tr\/index.php\/wp-json\/wp\/v2\/pages\/6\/revisions\/708"}],"wp:attachment":[{"href":"https:\/\/www.hasankahraman.com.tr\/index.php\/wp-json\/wp\/v2\/media?parent=6"}],"curies":[{"name":"wp","href":"https:\/\/api.w.org\/{rel}","templated":true}]}}